{"id":10,"date":"2023-02-04T23:54:39","date_gmt":"2023-02-05T04:54:39","guid":{"rendered":"http:\/\/www.grintec.org\/?page_id=10"},"modified":"2025-06-02T22:14:48","modified_gmt":"2025-06-03T03:14:48","slug":"rsr-met","status":"publish","type":"page","link":"https:\/\/www.grintec.org\/?page_id=10","title":{"rendered":"RSR-MET"},"content":{"rendered":"<h4>Acceso a las estaciones meteorol\u00f3gicas<a href=\"https:\/\/www.grintec.org\/guaranda\/sensores.html\" target=\"_blank\" rel=\"noopener\"><img loading=\"lazy\" decoding=\"async\" class=\"aligncenter wp-image-485 size-medium\" src=\"https:\/\/www.grintec.org\/wp-content\/uploads\/BOTON-GUARANDA-300x40.png\" alt=\"Ver los datos\" width=\"300\" height=\"40\" srcset=\"https:\/\/www.grintec.org\/wp-content\/uploads\/BOTON-GUARANDA-300x40.png 300w, https:\/\/www.grintec.org\/wp-content\/uploads\/BOTON-GUARANDA.png 454w\" sizes=\"(max-width: 300px) 100vw, 300px\" \/><\/a><a href=\"https:\/\/www.grintec.org\/guanujo\/sensores.html\" target=\"_blank\" rel=\"noopener\"><img loading=\"lazy\" decoding=\"async\" class=\"aligncenter wp-image-493 size-medium\" src=\"https:\/\/www.grintec.org\/wp-content\/uploads\/BOTON-GUANUJO-300x40.png\" alt=\"\" width=\"300\" height=\"40\" srcset=\"https:\/\/www.grintec.org\/wp-content\/uploads\/BOTON-GUANUJO-300x40.png 300w, https:\/\/www.grintec.org\/wp-content\/uploads\/BOTON-GUANUJO.png 454w\" sizes=\"(max-width: 300px) 100vw, 300px\" \/><\/a><a href=\"https:\/\/www.grintec.org\/arenal\/sensores.html\" target=\"_blank\" rel=\"noopener\"><img loading=\"lazy\" decoding=\"async\" class=\"aligncenter wp-image-489 size-medium\" src=\"https:\/\/www.grintec.org\/wp-content\/uploads\/BOTON-ARENAL-300x40.png\" alt=\"\" width=\"300\" height=\"40\" srcset=\"https:\/\/www.grintec.org\/wp-content\/uploads\/BOTON-ARENAL-300x40.png 300w, https:\/\/www.grintec.org\/wp-content\/uploads\/BOTON-ARENAL.png 454w\" sizes=\"(max-width: 300px) 100vw, 300px\" \/><\/a><a href=\"https:\/\/www.grintec.org\/chillanes\/sensores.html\" target=\"_blank\" rel=\"noopener\"><img loading=\"lazy\" decoding=\"async\" class=\"aligncenter wp-image-487 size-medium\" src=\"https:\/\/www.grintec.org\/wp-content\/uploads\/BOTON-CHILLANES-300x40.png\" alt=\"\" width=\"300\" height=\"40\" srcset=\"https:\/\/www.grintec.org\/wp-content\/uploads\/BOTON-CHILLANES-300x40.png 300w, https:\/\/www.grintec.org\/wp-content\/uploads\/BOTON-CHILLANES.png 454w\" sizes=\"(max-width: 300px) 100vw, 300px\" \/><\/a><a href=\"https:\/\/www.grintec.org\/torreloma\/sensores.html\" target=\"_blank\" rel=\"noopener\"><img loading=\"lazy\" decoding=\"async\" class=\"aligncenter wp-image-483 size-medium\" src=\"https:\/\/www.grintec.org\/wp-content\/uploads\/BOTON-TORRELOMA-300x40.png\" alt=\"\" width=\"300\" height=\"40\" srcset=\"https:\/\/www.grintec.org\/wp-content\/uploads\/BOTON-TORRELOMA-300x40.png 300w, https:\/\/www.grintec.org\/wp-content\/uploads\/BOTON-TORRELOMA.png 454w\" sizes=\"(max-width: 300px) 100vw, 300px\" \/><\/a><a href=\"https:\/\/www.grintec.org\/caluma\/sensores.html\" target=\"_blank\" rel=\"noopener\"><img loading=\"lazy\" decoding=\"async\" class=\"aligncenter wp-image-488 size-medium\" src=\"https:\/\/www.grintec.org\/wp-content\/uploads\/BOTON-CALUMA-300x40.png\" alt=\"\" width=\"300\" height=\"40\" srcset=\"https:\/\/www.grintec.org\/wp-content\/uploads\/BOTON-CALUMA-300x40.png 300w, https:\/\/www.grintec.org\/wp-content\/uploads\/BOTON-CALUMA.png 454w\" sizes=\"(max-width: 300px) 100vw, 300px\" \/><\/a><a href=\"https:\/\/www.grintec.org\/echeandia\/sensores.html\" target=\"_blank\" rel=\"noopener\"><img loading=\"lazy\" decoding=\"async\" class=\"aligncenter wp-image-486 size-medium\" src=\"https:\/\/www.grintec.org\/wp-content\/uploads\/BOTON-ECHEANDIA-300x40.png\" alt=\"\" width=\"300\" height=\"40\" srcset=\"https:\/\/www.grintec.org\/wp-content\/uploads\/BOTON-ECHEANDIA-300x40.png 300w, https:\/\/www.grintec.org\/wp-content\/uploads\/BOTON-ECHEANDIA.png 454w\" sizes=\"(max-width: 300px) 100vw, 300px\" \/><\/a><\/h4>\n<hr \/>\n<h4>Mapa de distribuci\u00f3n de las estaciones meteorol\u00f3gicas<\/h4>\n<div class=\"leaflet-map WPLeafletMap\" style=\"height:400px; width:100%;\"><\/div><script>\nwindow.WPLeafletMapPlugin = window.WPLeafletMapPlugin || [];\nwindow.WPLeafletMapPlugin.push(function WPLeafletMapShortcode() {\/*<script>*\/\nvar baseUrl = atob('aHR0cHM6Ly97c30udGlsZS5vcGVuc3RyZWV0bWFwLm9yZy97en0ve3h9L3t5fS5wbmc=');\nvar base = (!baseUrl && window.MQ) ?\n    window.MQ.mapLayer() : L.tileLayer(baseUrl,\n        L.Util.extend({}, {\n            detectRetina: 0,\n        },\n        {\"subdomains\":\"abc\",\"noWrap\":false,\"maxZoom\":19}        )\n    );\n    var options = L.Util.extend({}, {\n        layers: [base],\n        attributionControl: false\n    },\n    {\"zoomControl\":true,\"scrollWheelZoom\":true,\"doubleClickZoom\":true,\"fitBounds\":false,\"minZoom\":0,\"maxZoom\":19,\"maxBounds\":null,\"attribution\":\"<a href=\\\"http:\\\/\\\/leafletjs.com\\\" title=\\\"Una biblioteca JS para mapas interactivos\\\">Leaflet<\\\/a>; \\u00a9 <a href=\\\"http:\\\/\\\/www.openstreetmap.org\\\/copyright\\\">OpenStreetMap<\\\/a> - <a href=\\\"https:\\\/\\\/www.ueb.edu.ec\\\/\\\">UEB<\\\/a>\"},\n    {});\nwindow.WPLeafletMapPlugin.createMap(options).setView([-1.717744356456,-79.13986001603],9);window.WPLeafletMapPlugin.createScale({});});<\/script>\n<script>\nwindow.WPLeafletMapPlugin = window.WPLeafletMapPlugin || [];\nwindow.WPLeafletMapPlugin.push(function WPLeafletMarkerShortcode() {\/*<script>*\/\nvar map = window.WPLeafletMapPlugin.getCurrentMap();\nvar group = window.WPLeafletMapPlugin.getCurrentGroup();\nvar marker_options = window.WPLeafletMapPlugin.getIconOptions({\"svg\":true,\"background\":\"#777\",\"iconClass\":\"dashicons dashicons-star-filled\",\"color\":\"red\"});\nvar marker = new L.SVGMarker(\n    [-1.5715559304644,-79.007470607758],\n    marker_options\n);\nvar is_image = map.is_image_map;\nif (marker_options.draggable) {\n    marker.on('dragend', function () {\n        var latlng = this.getLatLng();\n        var lat = latlng.lat;\n        var lng = latlng.lng;\n        if (is_image) {\n            console.log('leaflet-marker y=' + lat + ' x=' + lng);\n        } else {\n            console.log('leaflet-marker lat=' + lat + ' lng=' + lng);\n        }\n    });\n}\nmarker.addTo( group );\nmarker.bindPopup(window.WPLeafletMapPlugin.unescape(' &lt;a title=\\&quot;Acceder a la estacion de Guaranda\\&quot; href=\\&quot;https:\/\/www.grintec.org\/guanujo\/sensores.html\\&quot; target=\\&quot;_blank\\&quot; rel=\\&quot;noopener\\&quot;&gt;Estaci\u00f3n en Guanujo&lt;\/a&gt; '));window.WPLeafletMapPlugin.markers.push( marker );\n        });<\/script>\n<script>\nwindow.WPLeafletMapPlugin = window.WPLeafletMapPlugin || [];\nwindow.WPLeafletMapPlugin.push(function WPLeafletMarkerShortcode() {\/*<script>*\/\nvar map = window.WPLeafletMapPlugin.getCurrentMap();\nvar group = window.WPLeafletMapPlugin.getCurrentGroup();\nvar marker_options = window.WPLeafletMapPlugin.getIconOptions({\"svg\":true,\"background\":\"#777\",\"iconClass\":\"dashicons dashicons-star-filled\",\"color\":\"blue\"});\nvar marker = new L.SVGMarker(\n    [-1.5895574301272,-79.003042287914],\n    marker_options\n);\nvar is_image = map.is_image_map;\nif (marker_options.draggable) {\n    marker.on('dragend', function () {\n        var latlng = this.getLatLng();\n        var lat = latlng.lat;\n        var lng = latlng.lng;\n        if (is_image) {\n            console.log('leaflet-marker y=' + lat + ' x=' + lng);\n        } else {\n            console.log('leaflet-marker lat=' + lat + ' lng=' + lng);\n        }\n    });\n}\nmarker.addTo( group );\nmarker.bindPopup(window.WPLeafletMapPlugin.unescape(' &lt;a title=\\&quot;Acceder a la estacion de Guaranda\\&quot; href=\\&quot;https:\/\/www.grintec.org\/guaranda\/sensores.html\\&quot; target=\\&quot;_blank\\&quot; rel=\\&quot;noopener\\&quot;&gt;Estaci\u00f3n en Guaranda&lt;\/a&gt; '));window.WPLeafletMapPlugin.markers.push( marker );\n        });<\/script>\n<script>\nwindow.WPLeafletMapPlugin = window.WPLeafletMapPlugin || [];\nwindow.WPLeafletMapPlugin.push(function WPLeafletMarkerShortcode() {\/*<script>*\/\nvar map = window.WPLeafletMapPlugin.getCurrentMap();\nvar group = window.WPLeafletMapPlugin.getCurrentGroup();\nvar marker_options = window.WPLeafletMapPlugin.getIconOptions({\"svg\":true,\"background\":\"#777\",\"iconClass\":\"dashicons dashicons-star-filled\",\"color\":\"gold\"});\nvar marker = new L.SVGMarker(\n    [-1.2869014993596,-79.316953298534],\n    marker_options\n);\nvar is_image = map.is_image_map;\nif (marker_options.draggable) {\n    marker.on('dragend', function () {\n        var latlng = this.getLatLng();\n        var lat = latlng.lat;\n        var lng = latlng.lng;\n        if (is_image) {\n            console.log('leaflet-marker y=' + lat + ' x=' + lng);\n        } else {\n            console.log('leaflet-marker lat=' + lat + ' lng=' + lng);\n        }\n    });\n}\nmarker.addTo( group );\nmarker.bindPopup(window.WPLeafletMapPlugin.unescape(' &lt;a href=\\&quot;https:\/\/www.grintec.org\/naves\/sensores.html\\&quot;&gt;Estaci\u00f3n Las Naves&lt;\/a&gt; '));window.WPLeafletMapPlugin.markers.push( marker );\n        });<\/script>\n<script>\nwindow.WPLeafletMapPlugin = window.WPLeafletMapPlugin || [];\nwindow.WPLeafletMapPlugin.push(function WPLeafletMarkerShortcode() {\/*<script>*\/\nvar map = window.WPLeafletMapPlugin.getCurrentMap();\nvar group = window.WPLeafletMapPlugin.getCurrentGroup();\nvar marker_options = window.WPLeafletMapPlugin.getIconOptions({\"svg\":true,\"background\":\"#777\",\"iconClass\":\"dashicons dashicons-star-filled\",\"color\":\"gold\"});\nvar marker = new L.SVGMarker(\n    [-1.432706,-79.279152],\n    marker_options\n);\nvar is_image = map.is_image_map;\nif (marker_options.draggable) {\n    marker.on('dragend', function () {\n        var latlng = this.getLatLng();\n        var lat = latlng.lat;\n        var lng = latlng.lng;\n        if (is_image) {\n            console.log('leaflet-marker y=' + lat + ' x=' + lng);\n        } else {\n            console.log('leaflet-marker lat=' + lat + ' lng=' + lng);\n        }\n    });\n}\nmarker.addTo( group );\nmarker.bindPopup(window.WPLeafletMapPlugin.unescape(' &lt;a href=\\&quot;https:\/\/www.grintec.org\/echeandia\/sensores.html\\&quot;&gt;Estaci\u00f3n Echeandia (MAQUITA)&lt;\/a&gt; '));window.WPLeafletMapPlugin.markers.push( marker );\n        });<\/script>\n<script>\nwindow.WPLeafletMapPlugin = window.WPLeafletMapPlugin || [];\nwindow.WPLeafletMapPlugin.push(function WPLeafletMarkerShortcode() {\/*<script>*\/\nvar map = window.WPLeafletMapPlugin.getCurrentMap();\nvar group = window.WPLeafletMapPlugin.getCurrentGroup();\nvar marker_options = window.WPLeafletMapPlugin.getIconOptions({\"svg\":true,\"background\":\"#777\",\"iconClass\":\"dashicons dashicons-star-filled\",\"color\":\"green\"});\nvar marker = new L.SVGMarker(\n    [-1.9430595408349,-79.064966121636],\n    marker_options\n);\nvar is_image = map.is_image_map;\nif (marker_options.draggable) {\n    marker.on('dragend', function () {\n        var latlng = this.getLatLng();\n        var lat = latlng.lat;\n        var lng = latlng.lng;\n        if (is_image) {\n            console.log('leaflet-marker y=' + lat + ' x=' + lng);\n        } else {\n            console.log('leaflet-marker lat=' + lat + ' lng=' + lng);\n        }\n    });\n}\nmarker.addTo( group );\nmarker.bindPopup(window.WPLeafletMapPlugin.unescape(' &lt;a title=\\&quot;Acceso a la estacion de Chillanes\\&quot; href=\\&quot;https:\/\/www.grintec.org\/chillanes\/sensores.html\\&quot; target=\\&quot;_blank\\&quot; rel=\\&quot;noopener\\&quot;&gt;Estaci\u00f3n en Chillanes&lt;\/a&gt; '));window.WPLeafletMapPlugin.markers.push( marker );\n        });<\/script>\n<script>\nwindow.WPLeafletMapPlugin = window.WPLeafletMapPlugin || [];\nwindow.WPLeafletMapPlugin.push(function WPLeafletMarkerShortcode() {\/*<script>*\/\nvar map = window.WPLeafletMapPlugin.getCurrentMap();\nvar group = window.WPLeafletMapPlugin.getCurrentGroup();\nvar marker_options = window.WPLeafletMapPlugin.getIconOptions({\"svg\":true,\"background\":\"#777\",\"iconClass\":\"dashicons dashicons-star-filled\",\"color\":\"green\"});\nvar marker = new L.SVGMarker(\n    [-2.072997,-79.123617],\n    marker_options\n);\nvar is_image = map.is_image_map;\nif (marker_options.draggable) {\n    marker.on('dragend', function () {\n        var latlng = this.getLatLng();\n        var lat = latlng.lat;\n        var lng = latlng.lng;\n        if (is_image) {\n            console.log('leaflet-marker y=' + lat + ' x=' + lng);\n        } else {\n            console.log('leaflet-marker lat=' + lat + ' lng=' + lng);\n        }\n    });\n}\nmarker.addTo( group );\nmarker.bindPopup(window.WPLeafletMapPlugin.unescape(' &lt;a title=\\&quot;Acceso a la estacion de Chillanes\\&quot; href=\\&quot;https:\/\/www.grintec.org\/torreloma\/sensores.html\\&quot; target=\\&quot;_blank\\&quot; rel=\\&quot;noopener\\&quot;&gt;Estaci\u00f3n en Torreloma&lt;\/a&gt; &lt;a href=\\&quot;https:\/\/www.grintec.org\/torreloma\/sensores.html\\&quot;&gt;(MAQUITA)&lt;\/a&gt; '));window.WPLeafletMapPlugin.markers.push( marker );\n        });<\/script>\n<script>\nwindow.WPLeafletMapPlugin = window.WPLeafletMapPlugin || [];\nwindow.WPLeafletMapPlugin.push(function WPLeafletMarkerShortcode() {\/*<script>*\/\nvar map = window.WPLeafletMapPlugin.getCurrentMap();\nvar group = window.WPLeafletMapPlugin.getCurrentGroup();\nvar marker_options = window.WPLeafletMapPlugin.getIconOptions({\"svg\":true,\"background\":\"#777\",\"iconClass\":\"dashicons dashicons-star-filled\",\"color\":\"white\"});\nvar marker = new L.SVGMarker(\n    [-1.4340810455585,-78.909980724656],\n    marker_options\n);\nvar is_image = map.is_image_map;\nif (marker_options.draggable) {\n    marker.on('dragend', function () {\n        var latlng = this.getLatLng();\n        var lat = latlng.lat;\n        var lng = latlng.lng;\n        if (is_image) {\n            console.log('leaflet-marker y=' + lat + ' x=' + lng);\n        } else {\n            console.log('leaflet-marker lat=' + lat + ' lng=' + lng);\n        }\n    });\n}\nmarker.addTo( group );\nmarker.bindPopup(window.WPLeafletMapPlugin.unescape('&lt;a href=\\&quot;https:\/\/www.grintec.org\/arenal\/sensores.html\\&quot;&gt; Estaci\u00f3n El Arenal (Chimborazo&lt;\/a&gt;) '));window.WPLeafletMapPlugin.markers.push( marker );\n        });<\/script>\n<script>\nwindow.WPLeafletMapPlugin = window.WPLeafletMapPlugin || [];\nwindow.WPLeafletMapPlugin.push(function WPLeafletMarkerShortcode() {\/*<script>*\/\nvar map = window.WPLeafletMapPlugin.getCurrentMap();\nvar group = window.WPLeafletMapPlugin.getCurrentGroup();\nvar marker_options = window.WPLeafletMapPlugin.getIconOptions({\"svg\":true,\"background\":\"#777\",\"iconClass\":\"dashicons dashicons-star-filled\",\"color\":\"gold\"});\nvar marker = new L.SVGMarker(\n    [-1.6315924893771,-79.258376359364],\n    marker_options\n);\nvar is_image = map.is_image_map;\nif (marker_options.draggable) {\n    marker.on('dragend', function () {\n        var latlng = this.getLatLng();\n        var lat = latlng.lat;\n        var lng = latlng.lng;\n        if (is_image) {\n            console.log('leaflet-marker y=' + lat + ' x=' + lng);\n        } else {\n            console.log('leaflet-marker lat=' + lat + ' lng=' + lng);\n        }\n    });\n}\nmarker.addTo( group );\nmarker.bindPopup(window.WPLeafletMapPlugin.unescape(' &lt;a href=\\&quot;https:\/\/www.grintec.org\/caluma\/sensores.html\\&quot;&gt;Estaci\u00f3n Caluma&lt;\/a&gt; '));window.WPLeafletMapPlugin.markers.push( marker );\n        });<\/script>\n<hr \/>\n<h4 style=\"text-align: center;\">Descargar la APK (aplicaci\u00f3n) para celular Android, escaneando el siguiente c\u00f3digo QR<\/h4>\n<p><a href=\"https:\/\/www.grintec.org\/wp-content\/uploads\/qrcodeRSRMET.png\"><img loading=\"lazy\" decoding=\"async\" class=\"aligncenter wp-image-562\" src=\"https:\/\/www.grintec.org\/wp-content\/uploads\/qrcodeRSRMET.png\" alt=\"\" width=\"145\" height=\"145\" srcset=\"https:\/\/www.grintec.org\/wp-content\/uploads\/qrcodeRSRMET.png 300w, https:\/\/www.grintec.org\/wp-content\/uploads\/qrcodeRSRMET-150x150.png 150w\" sizes=\"(max-width: 145px) 100vw, 145px\" \/><\/a><\/p>\n<h6>NOTA:<span style=\"color: #ff0000;\">Recuerda que al no ser una tienda p\u00fablica de aplicaciones Android;<br \/>\nse debe otorgar los permisos necesarios en Chrome para que las aplicaciones<br \/>\nal descargarse puedan ser instaladas sin problemas.<\/span><\/h6>\n<p>&nbsp;<\/p>\n<p><iframe loading=\"lazy\" src=\"https:\/\/www.google.com\/maps\/d\/u\/0\/embed?mid=1qiRw_QTMKUEXuoLtuVizpo0ZxpDgznY&#038;ehbc=2E312F&#038;noprof=1\" width=\"640\" height=\"480\"><\/iframe><\/p>\n","protected":false},"excerpt":{"rendered":"<p>Acceso a las estaciones meteorol\u00f3gicas Mapa de distribuci\u00f3n de las estaciones meteorol\u00f3gicas Descargar la APK (aplicaci\u00f3n) para celular Android, escaneando el siguiente c\u00f3digo QR NOTA:Recuerda que al no ser una tienda p\u00fablica de aplicaciones Android; se debe otorgar los permisos necesarios en Chrome para que las aplicaciones al descargarse puedan ser instaladas sin problemas. &nbsp;<\/p>\n","protected":false},"author":1,"featured_media":0,"parent":0,"menu_order":3,"comment_status":"closed","ping_status":"closed","template":"","meta":{"footnotes":""},"_links":{"self":[{"href":"https:\/\/www.grintec.org\/index.php?rest_route=\/wp\/v2\/pages\/10"}],"collection":[{"href":"https:\/\/www.grintec.org\/index.php?rest_route=\/wp\/v2\/pages"}],"about":[{"href":"https:\/\/www.grintec.org\/index.php?rest_route=\/wp\/v2\/types\/page"}],"author":[{"embeddable":true,"href":"https:\/\/www.grintec.org\/index.php?rest_route=\/wp\/v2\/users\/1"}],"replies":[{"embeddable":true,"href":"https:\/\/www.grintec.org\/index.php?rest_route=%2Fwp%2Fv2%2Fcomments&post=10"}],"version-history":[{"count":85,"href":"https:\/\/www.grintec.org\/index.php?rest_route=\/wp\/v2\/pages\/10\/revisions"}],"predecessor-version":[{"id":623,"href":"https:\/\/www.grintec.org\/index.php?rest_route=\/wp\/v2\/pages\/10\/revisions\/623"}],"wp:attachment":[{"href":"https:\/\/www.grintec.org\/index.php?rest_route=%2Fwp%2Fv2%2Fmedia&parent=10"}],"curies":[{"name":"wp","href":"https:\/\/api.w.org\/{rel}","templated":true}]}}